digit of 512?
5
What is the units digit of 17264?
4
What is the hundreds digit of 6007?
0
What is the hundreds digit of 21627?
6
What is the tens digit of 3474?
7
What is the thousands digit of 2038?
2
What is the hundreds digit of 374?
3
What is the tens digit of 4559?
5
What is the tens digit of 54874?
7
What is the units digit of 25984?
4
What is the units digit of 61149?
9
What is the ten thousands digit of 134849?
3
What is the tens digit of 1272?
7
What is the hundreds digit of 3097?
0
What is the hundreds digit of 101000?
0
What is the tens digit of 548?
4
What is the ten thousands digit of 12419?
1
What is the hundreds digit of 121164?
1
What is the thousands digit of 137551?
7
What is the hundreds digit of 34598?
5
What is the thousands digit of 43257?
3
What is the tens digit of 866?
6
What is the hundreds digit of 257?
2
What is the tens digit of 1270?
7
What is the hundreds digit of 19735?
7
What is the units digit of 1151?
1
What is the thousands digit of 130547?
0
What is the units digit of 56718?
8
What is the units digit of 544?
4
What is the units digit of 36596?
6
What is the hundreds digit of 7646?
6
What is the thousands digit of 3093?
3
What is the hundreds digit of 1712?
7
What is the hundreds digit of 26169?
1
What is the ten thousands digit of 170890?
7
What is the thousands digit of 8450?
8
What is the tens digit of 2462?
6
What is the tens digit of 151?
5
What is the thousands digit of 22910?
2
What is the tens digit of 17271?
7
What is the thousands digit of 62754?
2
What is the thousands digit of 1606?
1
What is the hundreds digit of 46841?
8
What is the thousands digit of 44043?
4
What is the hundreds digit of 8937?
9
What is the hundreds digit of 1715?
7
What is the tens digit of 1391?
9
What is the hundreds digit of 8895?
8
What is the units digit of 1098?
8
What is the units digit of 5256?
6
What is the tens digit of 4323?
2
What is the hundreds digit of 5941?
9
What is the thousands digit of 5096?
5
What is the tens digit of 550?
5
What is the ten thousands digit of 72312?
7
What is the thousands digit of 2762?
2
What is the tens digit of 11943?
4
What is the hundreds digit of 4217?
2
What is the units digit of 396?
6
What is the hundreds digit of 1271?
2
What is the hundreds digit of 22076?
0
What is the thousands digit of 50394?
0
What is the units digit of 17238?
8
What is the thousands digit of 30366?
0
What is the thousands digit of 22312?
2
What is the tens digit of 10189?
8
What is the tens digit of 74989?
8
What is the hundreds digit of 11762?
7
What is the units digit of 28955?
5
What is the units digit of 919?
9
What is the hundreds digit of 1875?
8
What is the tens digit of 2448?
4
What is the thousands digit of 7136?
7
What is the units digit of 391?
1
What is the tens digit of 3657?
5
What is the units digit of 2331?
1
What is the hundreds digit of 443?
4
What is the hundreds digit of 27532?
5
What is the thousands digit of 3143?
3
What is the tens digit of 8535?
3
What is the units digit of 1590?
0
What is the hundreds digit of 6190?
1
What is the thousands digit of 1957?
1
What is the hundreds digit of 255?
2
What is the hundreds digit of 6299?
2
What is the units digit of 144?
4
What is the thousands digit of 1116?
1
What is the tens digit of 6329?
2
What is the hundreds digit of 16743?
7
What is the units digit of 5776?
6
What is the units digit of 431?
1
What is the tens digit of 33036?
3
What is the units digit of 1411?
1
What is the thousands digit of 3541?
3
What is the thousands digit of 14703?
4
What is the hundreds digit of 1055?
0
What is the hundreds digit of 4493?
4
What is the units digit of 2091?
1
What is the hundreds digit of 1846?
8
What is the units digit of 4694?
4
What is the thousands digit of 6572?
6
What is the hundreds digit of 63407?
4
What is the hundreds digit of 8706?
7
What is the tens digit of 6514?
1
What is the units digit of 9345?
5
What is the hundreds digit of 10874?
8
What is the tens digit of 21332?
3
What is the thousands digit of 1886?
1
What is the tens digit of 3313?
1
What is the hundreds digit of 118441?
4
What is the units digit of 54286?
6
What is the tens digit of 21974?
7
What is the thousands digit of 1536?
1
What is the units digit of 1435?
5
What is the hundreds digit of 12161?
1
What is the ten thousands digit of 28588?
2
What is the units digit of 1216?
6
What is the thousands digit of 2206?
2
What is the tens digit of 2771?
7
What is the units digit of 725?
5
What is the tens digit of 42?
4
What is the tens digit of 31672?
7
What is the thousands digit of 1708?
1
What is the units digit of 2543?
3
What is the hundreds digit of 7745?
7
What is the hundreds digit of 131?
1
What is the tens digit of 6350?
5
What is the units digit of 1447?
7
What is the hundreds digit of 981?
9
What is the thousands digit of 2937?
2
What is the tens digit of 9961?
6
What is the tens digit of 75577?
7
What is the hundreds digit of 4066?
0
What is the hundreds digit of 2757?
7
What is the tens digit of 2221?
2
What is the thousands digit of 3405?
3
What is the hundreds digit of 147?
1
What is the thousands digit of 1367?
1
What is the hundreds digit of 27592?
5
What is the units digit of 2034?
4
What is the tens digit of 576?
7
What is the tens digit of 4833?
3
What is the units digit of 1073?
3
What is the units digit of 20283?
3
What is the hundreds digit of 3815?
8
What is the ten thousands digit of 72222?
7
What is the ten thousands digit of 95001?
9
What is the units digit of 9755?
5
What is the hundreds digit of 1545?
5
What is the ten thousands digit of 29361?
2
What is the tens digit of 2550?
5
What is the thousands digit of 12747?
2
What is the tens digit of 1890?
9
What is the hundreds digit of 371?
3
What is the ten thousands digit of 36849?
3
What is the ten thousands digit of 65346?
6
What is the units digit of 1576?
6
What is the hundreds digit of 2582?
5
What is the hundreds digit of 217?
2
What is the tens digit of 9996?
9
What is the hundreds digit of 34417?
4
What is the hundreds digit of 634?
6
What is the hundreds digit of 772?
7
What is the tens digit of 27879?
7
What is the units digit of 637?
7
What is the hundreds digit of 275?
2
What is the tens digit of 18336?
3
What is the tens digit of 24?
2
What is the thousands digit of 9559?
9
What is the hundreds digit of 3669?
6
What is the thousands digit of 56012?
6
What is the thousands digit of 2026?
2
What is the hundreds digit of 1018?
0
What is the units digit of 41283?
3
What is the hundreds digit of 52364?
3
What is the units digit of 91?
1
What is the thousands digit of 1318?
1
What is the ten thousands digit of 18843?
1
What is the units digit of 25064?
4
What is the units digit of 472?
2
What is the units digit of 5323?
3
What is the tens digit of 3217?
1
What is the hundreds digit of 8368?
3
What is the tens digit of 67037?
3
What is the hundreds digit of 2103?
1
What is the tens digit of 5291?
9
What is the tens digit of 18011?
1
What is the tens digit of 57035?
3
What is the units digit of 4792?
2
What is the tens digit of 21442?
4
What is the thousands digit of 11881?
1
What is the ten thousands digit of 34415?
3
What is the tens digit of 1542?
4
What is the thousands digit of 89419?
9
What is the ten thousands digit of 13982?
1
What is the thousands digit of 15333?
5
What is the ten thousands digit of 10224?
1
What is the units digit of 12758?
8
What is the hundreds digit of 3466?
4
What is the tens digit of 270?
7
What is the thousands digit of 5359?
5
What is the units digit of 866?
6
What is the units digit of 15539?
9
What is the thousands digit of 14635?
4
What is the thousands digit of 1032?
1
What is the tens digit of 4867?
6
What is the units digit of 235?
5
What is the tens digit of 1083?
8
What is the hundreds digit of 2787?
7
What is the tens digit of 6222?
2
What is the units digit of 11792?
2
What is the tens digit of 17977?
7
What is the tens digit of 2849?
4
What is the hundreds digit of 3014?
0
What is the thousands digit of 1360?
1
What is the thousands digit of 1798?
1
What is the ten thousands digit of 19671?
1
What is the thousands digit of 28892?
8
What is the hundreds digit of 3058?
0
What is the hundreds digit of 3339?
3
What is the units digit of 917?
7
W